r(j) = 53*j**2 + 26*j - 196. Determine r(-6).
1556
Let v(q) = -5*q**3 + 275*q**2 + 692*q - 6953. Calculate v(57).
1
Let c(n) = -2629*n - 39483. What is c(-15)?
-48
Let k(n) = 1632*n - 296113. Determine k(182).
911
Let o(h) = 2327*h + 386384. What is o(-166)?
102
Let c(y) = -27*y**2 - 206*y + 2. Determine c(-4).
394
Let s(z) = -4869*z + 90993. Determine s(19).
-1518
Let y(t) = 8*t**2 - 252*t + 2296. Calculate y(23).
732
Let j(l) = 49*l**2 + 1169*l - 171. Calculate j(-24).
-3
Let y(c) = -6*c**3 - 12*c**2 + 74*c + 166. Give y(-2).
18
Let g(w) = 93232*w + 8670580. Give g(-93).
4
Let i(z) = -z**3 - 31*z**2 + 16*z - 471. What is i(-32)?
41
Let n(w) = -28*w**2 + 2175*w - 2146. Give n(1).
1
Let o(q) = -q**2 - 13*q - 209. Calculate o(12).
-509
Let h(o) = o**3 + 185*o**2 - 2836*o - 492887. Calculate h(-186).
13
Let q(l) = -849*l + 33019. Determine q(39).
-92
Let a(l) = -l**3 + 178*l**2 - 2591*l + 2190. What is a(15)?
0
Let y(s) = -15*s**2 - 62*s - 312. Give y(-8).
-776
Let o(g) = g**2 + 149*g - 170423. Give o(-494).
7
Let y(w) = 3*w**2 + 68828*w - 137662. Give y(2).
6
Let z(h) = -2*h**2 - 306*h - 1238. Determine z(-149).
-46
Let y(l) = -l**3 - 58*l**2 - 165*l - 89. What is y(-55)?
-89
Let o(b) = 8*b**2 - 3029*b - 57104. Determine o(-18).
10
Let t(c) = c**2 + 3813*c - 65167. Determine t(17).
-57
Let q(h) = h**2 - 1466*h - 269140. Calculate q(-165).
-25
Let u(d) = 1419*d - 1085481. Give u(765).
54
Let z(i) = i**2 + 1560*i - 17288. Give z(11).
-7
Let z(p) = -p**3 + 13*p**2 + 86*p - 305. Give z(17).
1
Let d(n) = -n**2 - 674*n - 8906. What is d(-14)?
334
Let c(f) = -216216*f - 864634. Determine c(-4).
230
Let i(k) = -13*k**3 - 7*k**2 - 336*k - 662. What is i(-2)?
86
Let c(l) = 48*l - 3841. Give c(37).
-2065
Let w(q) = 596*q**2 - 2917*q - 41. What is w(5)?
274
Let y(r) = -r**2 - 5398*r + 201101. Give y(37).
6
Let p(r) = -r**3 + 208*r**2 + 2632*r + 1768. Determine p(220).
8
Let q(a) = a**3 + 45*a**2 + 449*a + 1444. Give q(-33).
-305
Let b(m) = -12*m**2 + 270*m + 148. Give b(29).
-2114
Let a(c) = -9498*c - 606946. Give a(-64).
926
Let j(v) = v**3 + 63*v**2 + 839*v + 198. Calculate j(-44).
66
Let y(h) = -9*h**3 + 344*h**2 + 1817*h + 1368. Calculate y(43).
-8
Let h(k) = 75*k**3 + 93600*k**2 + 5*k + 6235. Calculate h(-1248).
-5
Let b(l) = 165*l + 14810. Calculate b(-87).
455
Let i(y) = -2077*y**2 - 6239*y - 17. Calculate i(-3).
7
Let t(s) = 2*s + 815. Determine t(-46).
723
Let s(t) = t**3 - 61*t**2 + 161*t + 7063. What is s(56)?
399
Let v(p) = -52*p**2 - 18*p - 71. Calculate v(-5).
-1281
Let l(j) = -j**2 + 37*j + 8296. Give l(-73).
266
Let g(a) = 58*a - 6974. What is g(120)?
-14
Let o(s) = -78*s**3 - 4*s**2 + 2*s + 11. Determine o(3).
-2125
Let w(q) = 17*q**3 + 10*q**2 + 3*q - 4. Give w(-2).
-106
Let a(n) = 41998*n + 503965. Give a(-12).
-11
Let k(d) = d**3 - 293*d**2 - 920*d + 9490. Calculate k(296).
18
Let n(b) = 38*b**2 - 760*b + 25. Give n(20).
25
Let s(b) = -b**3 - 4*b**2 + 25*b - 183. Determine s(-19).
4757
Let t(z) = 12*z**2 - 308*z - 3. Give t(26).
101
Let j(b) = -1469*b - 23156. Calculate j(-16).
348
Let v(c) = c**3 - 83*c**2 - 66*c + 12187. Give v(82).
51
Let f(l) = -22*l**2 + 8240*l - 4569. Calculate f(374).
-81
Let x(b) = -b**3 + 25*b**2 + 490*b - 12562. Determine x(25).
-312
Let m(v) = 8*v**3 + 55524*v**2 + 55525*v. Calculate m(-1).
-9
Let x(r) = 4*r**2 + 2*r + 212. Give x(-14).
968
Let y(r) = 45259*r + 316816. Calculate y(-7).
3
Let u(c) = 58464*c - 409262. Give u(7).
-14
Let v(g) = -671*g**3 - 7863*g + 7863. Give v(1).
-671
Let x(i) = 244*i**3 - 9*i**2 - 22*i - 27. Calculate x(-2).
-1971
Let x(n) = -4*n**3 - 159*n**2 - 186*n - 16040. What is x(-41)?
-9
Let c(z) = -26*z**2 - 12*z + 15257. Give c(24).
-7
Let l(r) = 48*r**2 - 1347*r - 287. What is l(26)?
-2861
Let s(i) = 611*i - 129. Determine s(1).
482
Let h(w) = 26*w**2 - 475*w - 7547. What is h(-10)?
-197
Let g(n) = 18*n**2 + 981*n - 515. Calculate g(-55).
-20
Let c(y) = -5*y**2 - 17713*y + 53146. Determine c(3).
-38
Let j(g) = 9*g**3 + 153*g**2 + 25*g + 164. Determine j(-17).
-261
Let s(g) = 6379*g + 26278. Determine s(-4).
762
Let a(x) = 4*x**2 + 5223*x + 56963. Give a(-11).
-6
Let o(a) = a**3 + 74*a**2 + 1338*a - 1144. What is o(-38)?
-4
Let u(j) = 3410*j - 531971. What is u(156)?
-11
Let j(r) = -r**3 + 57*r**2 + 9*r + 2802. What is j(58)?
-40
Let m(j) = -47*j**3 + 4*j**2 - 112*j + 247. Determine m(3).
-1322
Let u(m) = 18*m**2 - 156*m - 28. Calculate u(7).
-238
Let w(k) = 3721*k + 368363. Determine w(-99).
-16
Let u(o) = -6*o**3 - 593*o**2 - 630*o - 13717. Determine u(-98).
3
Let a(s) = -147*s**2 - 6193*s - 9. Give a(-42).
789
Let v(m) = m**3 - 2*m**2 + 136*m + 3062. Give v(-11).
-7
Let k(b) = b**3 + 15*b**2 - 170*b + 78. Calculate k(9).
492
Let a(c) = c**3 - 64*c**2 + 153*c - 139. Determine a(62).
1659
Let r(j) = -j**3 - 24*j**2 - 123*j - 1730. What is r(-22)?
8
Let f(i) = i**2 + 44251*i - 1284121. Determine f(29).
-1
Let k(z) = -1109*z - 29105. Calculate k(-26).
-271
Let t(k) = -5340*k - 117465. What is t(-22)?
15
Let y(v) = 2362*v + 94489. Calculate y(-40).
9
Let h(g) = 3*g**2 + 190*g + 1793. Determine h(-10).
193
Let f(g) = -136486*g - 2183769. Give f(-16).
7
Let u(t) = 10*t**2 - 179*t - 1890. What is u(-7)?
-147
Let u(v) = -v**2 + 97*v + 4011. Calculate u(114).
2073
Let x(l) = -113*l**2 + 1207*l + 55. Give x(5).
3265
Let x(n) = 3*n**3 - 61*n**2 + 1271*n - 22704. Give x(19).
1
Let v(x) = 5434*x**2 - 1010722*x - 360. Give v(186).
12
Let h(p) = -1406*p**2 + 268548*p - 391. Determine h(191).
-9
Let d(y) = y**3 - 136*y**2 + 651*y + 2105. Determine d(131).
1581
Let h(j) = -j**3 + 69*j**2 - 322*j + 38724. Determine h(72).
-12
Let c(a) = a**3 - 115*a**2 + 2428*a + 78. What is c(28)?
-146
Let h(v) = -v**3 - 83*v**2 + 335*v + 14443. Calculate h(-85).
418
Let i(j) = -5*j**2 + 22242*j - 155465. Give i(7).
-16
Let t(r) = -r**3 + 10*r**2 - 1558*r + 13954. Determine t(9).
13
Let k(j) = -j**3 + 7*j**2 - 186*j + 2161. Give k(10).
1
Let g(w) = -7*w**3 + 267*w**2 - 40*w + 75. What is g(38)?
-1
Let u(y) = -5*y**3 - 55*y**2 - 40*y - 111. What is u(-9)?
-561
Let l(w) = -51354*w - 616166. What is l(-12)?
82
Let y(v) = 6*v**3 - 1347*v**2 + 680*v - 1790. Determine y(224).
2
Let o(n) = -436*n - 21431. Determine o(-49).
-67
Let c(h) = -363*h - 37909. What is c(-104)?
-157
Let u(h) = h**2 - 533*h - 36905. Calculate u(-62).
-15
Let u(c) = -560*c + 43662. Calculate u(78).
-18
Let b(f) = 898*f - 785718. Calculate b(875).
32
Let u(y) = -11*y**2 - 6*y + 110. Determine u(-14).
-1962
Let g(w) = 21*w**3 - 7163*w**2 + 7818*w + 629. Determine g(340).
-51
Let q(y) = -2*y**3 - 25*y**2 + 95*y + 745. Determine q(-15).
445
Let c(v) = -3446*v + 32931. What is c(9)?
1917
Let r(d) = 729*d**2 + 16037*d - 40. What is r(-22)?
-18
Let b(s) = 2*s**3 - 39*s**2 + 166*s + 160. Give b(12).
-8
Let d(q) = -26*q**3 - 1484*q**2 - 105*q - 174. Give d(-57).
-687
Let d(q) = -q**2 - 1554*q + 737228. What is d(381)?
-7
Let x(g) = 19*g**2 - 263*g - 94. Calculate x(12).
-514
Let x(s) = -s**3 - 37*s**2 + 15*s + 115. Give x(-39).
2572
Let r(c) = -c**2 + 303*c + 22628. Give r(-62).
-2
Let b(f) = 2*f**3 - 1714*f**2 - 29719*f + 2709. Give b(874).
87
Let n(j) = -j**2 + 178724*j - 1251018. Determine n(7).
1
Let z(i) = 15*i**2 + 457*i - 161. Calculate z(-31).
87
Let p(b) = 6*b**2 + 36*b + 88. Calculate p(-14).
760
Let i(a) = 2*a**3 + 55*a**2 - 241*a - 2757. Give i(-30).
-27
Let k(u) = 518*u - 14773. What is k(27)?
-787
Let x(l) = -8*l**2 - 27*l - 61. Determine x(15).
-2266
Let v(r) = -r**2 - 11793*r + 200848. What is v(17)?
78
Let o(f) = 2068705*f - 20687043. Give o(10).
7
Let a(t) = 6*t - 332. What is a(1)?
-326
Let l(i) = -i**2 + 145*i - 5437. Give l(77).
-201
Let w(z) = 23926*z + 119587. Determine w(-5).
-43
Let a(v) = v**2 + 33*v + 323. Calculate a(-22).
81
Let f(a) = 1724*a + 34498. Calculate f(-20).
18
Let d(f) = -208*f + 24042. Give d(116).
-86
Let m(x) = -4*x**3 + 134*x**2 - 52*x + 25. Calculate m(33).
487
Let v(w) = 5785*w + 28943. Give v(-5).
18
Let g(z) = 8*z**2 + 362*z + 2607. Calculate g(-9).
-3
Let q(w) = -w**3 + 24*w**2 - 176*w + 786. What is q(14)?
282
Let v(r) = -r**3 - 11*r**2 + 147*r - 132. Determine v(-19).
-37
Let k(u) = 2558*u - 12484. Determine k(5).
306
Let q(m) = m**2 - 6556*m + 165. Give q(0).
165
Let v(d) = 643*d - 4496. Calculate v